6/(-8). Let c(d) = -n*d - 5 + 0*d + 2*d. What is c(k)?
0
Let q(o) = -o**3 - 4*o**2 + 3*o - 7. Let r(b) = -5*b**3 - b**2 + 1. Let n be r(1). Calculate q(n).
3
Let y(v) be the first derivative of v**4/2 - v**3/3 - v**2/2 - v + 4. Give y(-1).
-3
Suppose 0 = -3*t - 3*k - 2*k + 20, 2*t - 14 = -4*k. Let l(x) be the third derivative of -x**6/120 + x**5/10 - x**4/6 - x**3 + 2*x**2. What is l(t)?
-1
Let b = 4 - 3. Suppose -b = 2*d - 5. Let k(z) = 5*z - d - 6*z + 2 - 2. What is k(4)?
-6
Let c(w) = w**3 + 5*w**2 + 2*w - 4. Let t(q) = q**3 + 7*q**2 + 2*q + 10. Let b be t(-7). Give c(b).
4
Let g(o) = 0 + 9*o - 4 - 15*o + 0*o. What is g(-3)?
14
Let y(u) be the third derivative of -u**6/720 + u**4/6 + 3*u**2. Let j(f) be the second derivative of y(f). What is j(1)?
-1
Let o be 1/(-4) - (-42)/8. Suppose -5*k - 2*v - v = 0, -o*v = -k. Let i(m) = -2*m + 0*m + 3*m. Determine i(k).
0
Let m(q) = -3*q**2 + 250*q**3 + 2 + 5*q**2 - 251*q**3 + 4*q. Calculate m(-2).
10
Let o(z) = 2*z**2 + 5 - z - 2 - z**2 + z**3. Let r = 3 - 3. Suppose r*i = 2*i. Give o(i).
3
Let p(q) = q**2 - 7*q - 11. Suppose 5*l - 49 = x, -2*x = 3*l + 3*x - 7. What is p(l)?
7
Let s(g) = -1 - 4*g**3 - 2*g + 4*g**2 - 5*g - 4. Let j(a) = -a**3 + a**2 - a - 1. Let w(o) = 5*j(o) - s(o). Calculate w(-2).
8
Suppose -4*s - 4*o - 40 = 0, 5*s + o - 2*o + 26 = 0. Let c(v) = 7 + 6*v - 4*v**3 - 5*v**2 + 3*v**3 - 11. What is c(s)?
-4
Let s = -25 + 18. Let r(t) = -t**3 - 8*t**2 - 7*t - 3. Calculate r(s).
-3
Let g(a) = -5*a**2 - a + 1. Suppose -5*l = -3*r - 15 + 1, 18 = 4*l + r. Suppose -4*i - 5*h + 1 - 29 = 0, -5*i + l*h = -6. Let j = -1 - i. Give g(j).
-5
Let r be ((-1)/(-2))/(15/(-60)). Let j(l) = -l**3 - 2*l**2 + 2*l + 2. Calculate j(r).
-2
Let t(m) be the first derivative of m**2/2 - 10*m - 14. Suppose 4*f - 2 = 2. Let c = f + 5. What is t(c)?
-4
Let k be (-1)/(-3)*3 + 2. Let c(y) = y + 5. Let p(s) = -3. Let n(j) = -4*c(j) - 7*p(j). Determine n(k).
-11
Let t be 14/4 - (-7)/(-14). Let f = t - -2. Let g(l) = -4*l - 7 + 4*l + f*l + l - l**2. Give g(5).
-2
Let v(h) = -2 - 3*h**3 + 4*h**3 + 3*h**2 + 4 + 4*h. Suppose 0 = 9*x - 10*x - 2. What is v(x)?
-2
Let x(h) be the first derivative of h**3/3 - 3*h**2 + 3*h - 20. What is x(2)?
-5
Suppose 0 = 5*x - 2 + 22. Let c be (-86)/(-18) - 6/(-27). Let g(j) = 2 + 1 - 3*j + 7*j**3 - c*j**2 - 8*j**3. Calculate g(x).
-1
Suppose -4*d + 0 = 3*u + 3, u + 1 = 2*d. Let r(k) = k**3 - 6*k**2 + 4. Let m be r(6). Let t(x) = -362 - 2*x + 362 - m*x. Determine t(u).
6
Let a(o) be the third derivative of 2*o**5/15 - o**4/24 - o**3/6 - 11*o**2. Give a(-1).
8
Let j(h) be the first derivative of 2*h**2 - 2*h - 4. Determine j(2).
6
Let s(k) = k + 2 + 1 + 9. Suppose 50 = -5*m - 3*l, -m + 5*m - 4*l + 8 = 0. What is s(m)?
5
Let h = -24 + 25. Let j(n) = -12*n - 1. What is j(h)?
-13
Suppose 2*q + 5 = 19. Let b(p) = 2 + p**2 + 2*p - q + 1. What is b(-3)?
-1
Let r(b) = -b**3 - b**2 + 2 + 2 + 2*b - 3*b. Suppose 38 = 5*t + 3*a, 4*a = 2*a - 8. Let y = t - 10. What is r(y)?
4
Let j(u) be the second derivative of u**4/12 - 4*u**3/3 + u**2/2 - u. What is j(7)?
-6
Let h = -9 - -11. Let l(g) = -g**3 + 3*g**2 + 2. What is l(h)?
6
Let r(w) be the second derivative of -2*w**3 + 4*w**2 + 2*w. Let x(a) = -a + 1. Let p(t) = r(t) - 10*x(t). Calculate p(-3).
4
Let f(h) be the second derivative of 3*h**5/10 + h**3/6 + h**2/2 - 5*h. What is f(-1)?
-6
Let p be ((-9)/3 - -6) + -10. Let w(z) = -z**3 - 6*z**2 + 5*z - 9. Determine w(p).
5
Suppose -2*z + 10 = -0*z. Let x = -4 + z. Let l(u) = 4*u - 1. Let n(h) = 1. Let o(b) = x*l(b) + 2*n(b). What is o(-2)?
-7
Let s(o) = 200*o - 103*o - 21 - 98*o. What is s(-15)?
-6
Let m(d) = 3*d. Suppose -2*v - 3 = -1. Let b be v/(-4) - (-6)/(-24). Let j = b + 2. Calculate m(j).
6
Let z(n) = n**2 - 7*n + 5. Let u be z(7). Let h(g) = -5. Let m(l) = l + 1. Let w(t) = -h(t) - 2*m(t). Calculate w(u).
-7
Let v(i) be the first derivative of 4*i**2 + 3*i + 1 - 4*i - 3*i**2. Let h(w) = w + 10. Let m be h(-9). What is v(m)?
1
Suppose -2*o + 23 = -7*o - 3*t, -3*o + 3*t - 9 = 0. Let j(a) be the first derivative of a**2 + 5*a - 3. Determine j(o).
-3
Let o(p) be the second derivative of -p**3/6 + p**2 + p. Suppose 3*f = -4*f + 5*f. Calculate o(f).
2
Suppose -9*t + 4*t = -25. Let s(f) = 0*f + 0*f**2 + 4 - f**2 + 5*f. Determine s(t).
4
Let n be (-6)/4*(-2)/3. Let u(a) be the first derivative of -a**4/4 + a**3/3 - a**2/2 + 59. Calculate u(n).
-1
Let j(q) = 4*q + 2. Let o = 54 - 56. Determine j(o).
-6
Let i(y) = -y + 3. Let m = -23 - -18. Determine i(m).
8
Let h(z) be the second derivative of z**5/20 - 11*z**4/12 + 11*z**3/6 - 7*z**2/2 + 49*z. Determine h(10).
3
Let u(x) be the first derivative of -x**2/2 + x + 30. Give u(6).
-5
Let q(c) = -c**3 - 3*c**2 + c - 3. Let k be -5*(16/10 - 1). What is q(k)?
-6
Let t(y) = -y**3 + 3*y**2 + 4*y - 3. Let z(j) = 9*j**3 - 2*j**2 + j. Let d be z(1). Let u = 12 - d. Determine t(u).
-3
Let s = 0 + 3. Let k(h) = -3 + 10*h**s - 4*h**3 + 2 + 0. Determine k(1).
5
Let o(f) = -f + 7. Let g be o(11). Let n(q) = q**3 + 3*q**2 - 6*q - 5. What is n(g)?
3
Suppose 8 + 0 = 4*q. Let u be -4 + -4*q/(-4). Let b(d) = -d - 2. Let v be b(u). Let s(t) = t - 5. Give s(v).
-5
Let s(q) = -q - 13. Let l be s(-15). Let y(w) = -9*w + 1. Calculate y(l).
-17
Let c(p) = -7*p**2 + 7*p - 2. Let b be ((-6)/8)/(2/16). Let z(i) = -6*i**2 + 7*i - 2. Let k(m) = b*z(m) + 5*c(m). Suppose 2*j - 8 = 4. Determine k(j).
-4
Suppose -2*j + 10 = -0*j. Suppose -p + y - j = 3*y, -3*y - 12 = 0. Suppose -4*i = -p*i + 1. Let r(z) = -7*z**3 - z**2. Determine r(i).
6
Let d(c) = -c**3 - 6*c**2 - 4*c - 4. Let w = -3 - -3. Suppose 8 = -s - h - w, -h - 28 = 5*s. Calculate d(s).
-9
Let z(w) = 1 - 5 + 3 + 7*w - 2*w. What is z(1)?
4
Let m(o) = -7*o**2 + o**3 + 4 + 0*o + 0*o**2 + 3*o**2 - 3*o. Suppose 2*z - 6*z = -16. Determine m(z).
-8
Suppose 31 = -5*i - 3*c, 7*i - 3*c - 16 = 9*i. Let b(s) = s + 1 - 2*s + 0. Calculate b(i).
6
Let o(k) be the third derivative of 0*k**4 + 1/30*k**6 + 1/30*k**5 - 1/6*k**3 + 0 - 4*k**2 + 0*k. What is o(1)?
5
Suppose -3*d - 6 + 3 = 0. Let o(h) = 13*h**2 + 4*h + 3. Let x(y) = -25*y**2 - 7*y - 5. Let g(q) = -5*o(q) - 3*x(q). Determine g(d).
9
Let k(r) = 3*r + 27. Let j be k(-10). Let h(w) = -w**2 + 0*w**2 - 3*w + 0*w**2. Determine h(j).
0
Let w(d) = d**3 - 7*d**2 + 6*d + 6. Let z be 6 + 0/(3 - 2). Give w(z).
6
Let h(p) = -4*p + 0*p + 1 + p + 2*p. What is h(5)?
-4
Let n(r) = r + 8 + 0*r - 3. Let b = -5 + 5. Give n(b).
5
Let u(a) = 5 - 12*a + 5*a + 4*a. What is u(5)?
-10
Suppose 0 = 14*l - 18*l + 12. Let j(h) = -3*h**2 + 5*h - 2. Give j(l).
-14
Let w(t) = -t**3 + 7*t**2 + 7*t + 3. Let d = 38 + -30. Calculate w(d).
-5
Suppose z - 4*w = -1 + 25, -20 = 4*w. Let n(a) = -a**3 + 4*a**2 + 2*a - 1. Give n(z).
7
Let p(k) be the second derivative of -k**4/12 - 7*k**3/6 - 5*k**2/2 + 8*k. Give p(-5).
5
Let f(b) = 29*b**3 + 3 - 57*b**3 - 6*b**2 + 27*b**3. Determine f(-6).
3
Suppose 0 = -4*m + 2*m + 10. Suppose -2*j = y - 0*j + m, j = -3*y - 15. Let a(u) = -5*u - u**3 + 0 + 5 - 6*u**2 + 1. Determine a(y).
6
Let y(b) = b - 3. Suppose 2*o + 2*n - 45 = -o, 4*o - 2*n - 60 = 0. Let s = 19 - o. Calculate y(s).
1
Let w(f) be the first derivative of 2*f**2 + 2*f + 7. Suppose 3*z + 5 = -0*k - k, k = 4*z + 16. Determine w(z).
-10
Suppose l - 1 = -b + 6, -3*l + 22 = 4*b. Let q(g) = -g**2 + 9*g - 8. What is q(l)?
10
Let t(c) = 2*c - 11. Let y(s) = 3*s - 12. Let h(l) = -5*t(l) + 4*y(l). Give h(-5).
-3
Let b(c) = -2*c**2 - 3*c. Suppose -2*n + v + 3 = 0, v = 5*n - 5 - 10. Suppose n*d = 5*r + 2, -d + 4*r - 20 = -5*d. Suppose -d = -y - 6. Calculate b(y).
-9
Let t(b) = b**3 - 2 + 3*b**2 - 3*b - b**2 - b. Suppose -85 + 25 = 15*s. Calculate t(s).
-18
Let t = -3 - -6. Suppose t*x = -5 + 20. Let j(w) = -w**2 + 8*w - 4. Determine j(x).
11
Let n = 11 - 8. Let h(i) = -n*i + i - i**3 + 4*i + i + 3*i**2. Determine h(4).
-4
Let w = -6 + 10. Let b = w + -7. Let c(r) = 2*r**3 - r**2 + 4*r + 3. Let i(p) = 3*p**3 - p**2 + 4*p + 4. Let y(n) = 4*c(n) - 3*i(n). Give y(b).
6
Let w be (-7)/(7/(-2)) + 0. Let b(h) = -4*h. Let y(g) be the first derivative of g**2/2 - g - 1. Let c(u) = -b(u) + y(u). What is c(w)?
9
Let o(r) = -2*r + 3. Suppose 4*m = 2*x + 22, 4*x + 19 = 4*m + 3*x. Give o(m).
-5
Let k = 14 - 11. Let n(m) = -9*m**3 - 5*m**k + 3*m**3 - m. 